r of h and 38.
19
Suppose 15 = 2*c - 5*y, 0 = -c + 3*y + 1 + 5. Let j = c + -7. Let z = 17 + -5. What is the highest common divisor of z and j?
4
Suppose 5*u = -3*l + 654, 4*u = 3*u - 2*l + 128. Calculate the highest common divisor of u and 144.
12
Let m be 2/((1/276)/(12/36)). Calculate the greatest common factor of 8 and m.
8
Let d = -15 - -69. Suppose -13*l + d = -10*l. Calculate the highest common divisor of 12 and l.
6
Suppose 34 + 41 = 25*a. What is the highest common factor of 50 and a?
1
Suppose -o + 2 = -j, -5*j - 5 = -2*o - 1. Suppose j - 20 = -2*b. Suppose -2*q = f - 144, 4*q + 3*f + 9 = 301. Calculate the highest common divisor of b and q.
10
Suppose 5*b + 2 = 3*a + 1, 0 = 2*b + 4*a - 10. Let q = 7 + -32. Let j = -17 - q. What is the highest common factor of b and j?
1
Suppose -2*r - 1 + 5 = 0. Let v be ((-1)/2)/(r/(-16)). Let s be 8/(2 + (-4)/v). Calculate the highest common factor of s and 64.
8
Suppose -2*r - 4*x = -1612, -5*r - 5*x + 5089 - 1064 = 0. What is the greatest common divisor of r and 48?
12
Let x = 146 + -110. Calculate the highest common divisor of 36 and x.
36
Suppose -4*j = -4*g + 2392, g + 3*j - 598 = -0*g. Calculate the greatest common divisor of 52 and g.
26
Let x be (95/20)/((-1)/(-16)). What is the greatest common factor of x and 190?
38
Suppose 4*z + z - 776 = -4*c, 5*z = -2*c + 778. Calculate the greatest common factor of z and 12.
12
Let o(g) = 3*g**2 + g + 4. Let z be o(-3). Suppose -4*l = -3*y - 53, 9*y - 5 = 4*y. Calculate the highest common divisor of z and l.
14
Let b = -953 + 935. Suppose 4*l - 24 = -a + 3*a, 0 = -a + 5*l. Let z = b - a. Calculate the greatest common factor of 2 and z.
2
Suppose -7*y = -r - 8*y + 69, 3*r = 2*y + 212. Calculate the highest common divisor of r and 140.
70
Suppose y + 6 = 3*d - 3, -3*y + 5*d - 11 = 0. Suppose -4*r + 2*q + 372 = 0, y*r + 0*q = -3*q + 297. What is the highest common divisor of r and 38?
19
Suppose v = -2, v - 15 = 4*j - 49. Let g be 2/2 + (j - 5). Suppose -3*p = -g*p + 20. Calculate the highest common factor of p and 8.
4
Suppose 15 = -5*j, -14*w - 3*j = -16*w + 91. Calculate the highest common divisor of 82 and w.
41
Suppose 8*h - 3*h - 3*w - 168 = 0, 2*h - 65 = -w. What is the greatest common factor of h and 209?
11
Suppose r - 47 - 13 = 0. Let q(l) = 2*l**3 - 8*l**2 + 7*l - 5. Let p be q(5). Let j be (32/p)/(1/r). What is the greatest common factor of j and 24?
24
Let o be 6/12*-2 - (6 - 283). Calculate the highest common factor of 96 and o.
12
Suppose 0 = 23*s - 791 + 193. Calculate the greatest common divisor of 2119 and s.
13
Suppose 6*o - 374 = 1078. Suppose 0 = 4*g + 5*c - 480, -g + 2*c = -3*g + o. Calculate the highest common factor of g and 50.
25
Suppose 4*d - 75 = 2*l - 3*l, 0 = l - 3. What is the greatest common divisor of 576 and d?
18
Let k(o) = -o**2 + o + 1. Let b(f) = -4*f**2 + 3*f + 2. Let y(g) = -2*b(g) + 7*k(g). Let v be y(3). Calculate the highest common divisor of v and 165.
15
Suppose 19 + 6 = 3*x - y, -x = -5*y - 27. Suppose 4*h + 4 = 3*h, h + 14 = -5*t. Let f be x + (1*-6)/t. Calculate the greatest common factor of 10 and f.
10
Let i = 67 + -101. Let v = i + 82. Calculate the highest common factor of v and 12.
12
Suppose -6*u - 420 = -888. Calculate the highest common divisor of u and 6.
6
Suppose 9*i = 5*i + 60. Let v = -58 - -73. Calculate the greatest common factor of v and i.
15
Suppose -2*q - 5*u - 8 = -2, -u + 24 = 4*q. Suppose -3*v - 60 = -4*x - q*v, -5*x + 5*v = -125. Calculate the greatest common divisor of x and 50.
10
Suppose -i + 15 = 4. Let n(q) = -q**3 + 12*q**2 + 4*q - 15. Let l be n(i). Calculate the highest common divisor of 25 and l.
25
Let o = -507 + 563. Calculate the highest common divisor of 896 and o.
56
Let r(o) = 3*o**3 - 3*o**2 + 2*o + 1. Let f be r(1). Suppose 0 = 4*a + f*a - 126. Calculate the greatest common factor of a and 162.
18
Suppose 4*d + 2*w = -369 - 31, 2*w + 100 = -d. Let s(f) = 25*f + 41. Let x be s(-3). Let j = x - d. What is the highest common factor of j and 6?
6
Let t = -81 + 176. Calculate the highest common divisor of t and 38.
19
Suppose 2*u = 3*b - 10, 18 = -4*u + b - 2. Let z be -5 - (-5 - (10 + u)). Calculate the greatest common divisor of z and 70.
5
Suppose 3264 = 17*z + 7*z. Calculate the greatest common factor of 442 and z.
34
Suppose 3*d + q - 17 = 9, 4*d + q - 34 = 0. Let j be (d + -27)*(-1 - 0). Calculate the highest common divisor of 19 and j.
19
Let q = 362 - 349. Calculate the greatest common divisor of 403 and q.
13
Let y(i) = -i**2 - 9*i - 4. Let f be y(-7). Let a = -70 + f. Let r = a - -96. Calculate the highest common factor of r and 12.
12
Let r be (-1 - (-4)/3)*-15. Let w = 1 - r. Suppose x + 25 = w*x. Calculate the greatest common divisor of 10 and x.
5
Let d be 2/(-3)*-1*3. Suppose 0*l - 4*l - o + d = 0, 2*o + 6 = 2*l. Let t be 270 + -1 + l + 2. What is the greatest common factor of t and 34?
34
Suppose 10*y - 60 = 30. What is the greatest common factor of y and 261?
9
Let u be (-662)/(-14) + 5/((-105)/6). Let g = 58 + u. What is the greatest common factor of g and 30?
15
Let y(s) = -11*s - 13. Let v(c) = -c - 26. Let i = -48 + 29. Let j be v(i). Let m be y(j). What is the greatest common divisor of 16 and m?
16
Let q be (-266)/(-10) - 2 - (-12)/(-20). Let p = q - -4. Calculate the greatest common factor of p and 7.
7
Let x(w) = 6*w**2 + 3*w. Let o be x(-3). Let i be 162/o + (-6)/10. Calculate the greatest common divisor of i and 21.
3
Let s(t) = -13*t**3 - t**2 + 1. Let l be s(-1). Suppose -2*a + 5*a = 6, 5*r - a = l. Suppose r*x - 5*x + 14 = 0. What is the highest common factor of 63 and x?
7
Let b(r) = r**3 - 5*r**2 + r + 1. Let g = 22 + -10. Let s = -7 + g. Let t be b(s). Calculate the highest common divisor of 15 and t.
3
Let o = 35 + -21. Let l be (o/(-21))/(2/168). Let x = -16 - l. Calculate the highest common factor of x and 8.
8
Let b be 299/3 + (-2)/3. Let w = -622 + 631. Calculate the greatest common divisor of w and b.
9
Suppose 1543 = 4*j - 5*u, -2*j = u - 2*u - 773. What is the greatest common factor of 43 and j?
43
Let q(a) = -13 - 50*a + 95*a - 49*a. Let b be q(-5). What is the highest common divisor of b and 14?
7
Let u = 17 - 23. Let v be u/((1/2)/1). Let n = -5 - v. What is the highest common divisor of 7 and n?
7
Let c = 1308 + -1244. Let y be (2/2)/((-1)/(-16)). What is the greatest common factor of y and c?
16
Let q be (4 - 6/3)/(16/9760). What is the greatest common divisor of 61 and q?
61
Suppose 0 = -2*c - 2*a + 1180, -a = -5*c + 2954 + 20. Calculate the highest common factor of 66 and c.
66
Suppose 0 = -3*k - 5*k + 264. Suppose -1 - 2 = -t. What is the highest common divisor of k and t?
3
Let m(t) = t**3 - 12*t**2 + 15*t - 41. Let w be m(11). Suppose 4*i + 199 + 329 = 0. Let g be i/(-18)*w/2. What is the highest common factor of 1 and g?
1
Suppose -2*t = 5*s - 359, -512 - 13 = -3*t - 3*s. Calculate the greatest common divisor of 43 and t.
43
Suppose 0 = -4*x + 9*x - 2*g - 92, 3*x - g = 55. What is the greatest common factor of 1926 and x?
18
Let t = -12 + 8. Let i = 8 + t. What is the greatest common divisor of i and 32?
4
Suppose 0 = p + 3*p - r - 1283, -3*p = -3*r - 969. Suppose -50 = -2*s - p. Let q be ((-4)/(-5))/((-18)/s). What is the highest common divisor of q and 30?
6
Suppose 2*t + 0*t - 4 = 0. Let s be (112/(-20) + 2)/(t/(-30)). Calculate the greatest common factor of s and 6.
6
Let i be (4/(-2) - -5) + 2. Suppose -5*l = 4*c - 204, -32 = 4*l + c - 193. What is the highest common divisor of l and i?
5
Suppose 0 = i - 4*a + 12, 0*i + i + 4*a = 12. Suppose -1 = -3*b - 4, i = h + 5*b - 67. Calculate the greatest common divisor of h and 18.
18
Let o be (-33488)/546*2*6/(-16). What is the highest common factor of 4 and o?
2
Let h = -3 - -14. Let d(w) = -2*w**2 + 7*w. Let i be d(h). Let q = i - -319. What is the highest common divisor of 14 and q?
14
Let u be 2/(-4) - -7*(-3)/(-6). Let d be (-9)/u + 3 - -4. Let n be 2/(-5) + (-126)/(-15). Calculate the highest common factor of n and d.
4
Let p(i) = i**3 - 14*i**2 - 14*i - 12. Let x be p(15). Suppose -c = -n + 27, 6*n - x*n - 77 = c. Calculate the greatest common factor of 275 and n.
25
Suppose 52 = -4*o + 8*o. Let m = 29 - o. Calculate the greatest common divisor of m and 80.
16
